{"id":62,"date":"2021-02-25T11:18:48","date_gmt":"2021-02-25T11:18:48","guid":{"rendered":"https:\/\/xn--faustkmpfer-kevelaer-gzb.de\/?page_id=62"},"modified":"2021-08-12T18:14:19","modified_gmt":"2021-08-12T18:14:19","slug":"termine","status":"publish","type":"page","link":"https:\/\/xn--faustkmpfer-kevelaer-gzb.de\/?page_id=62","title":{"rendered":"Termine"},"content":{"rendered":"<h3>Unsere Trainingszeiten:<\/h3>\n<p>Montag 18:00 Uhr &#8211; 19:30<br \/>\nFreitag&nbsp; 17:00 Uhr &#8211; 18:30<\/p>\n<p>Probetraining nach Absprache m\u00f6glich.<\/p>\n<p>Adresse:<\/p>\n<p>Turnhalle, Biegstra\u00dfe 3<br \/>\n47623 Kevelaer<\/p>\n<p>&nbsp;<\/p>\n<hr>\n<h3>Aktuelle Termine:<\/h3>\n<h4>Sommerfest 2021<\/h4>\n<ul>\n<li>Hallo an alle Mitglieder unser diesj\u00e4hriges Sommerfest m\u00f6chten wir nicht ausfallen lassen.<br \/>\nWir treffen uns am Samstag den 18.09.2021 um 13.45 Uhr mit Fahrr\u00e4dern an unserem Vereinslokal bei Andrea, ehemals Endress, Alte Wember Str.<br \/>\nVon dort geht es zum Minigolfturnier nach Twisteden.<br \/>\nF\u00fcr das leibliche Wohl (Essen und Getr\u00e4nke) ist gesorgt.<br \/>\nWir bitten um Anmeldungen bis zum 30.08.2021 und freuen uns alle wiederzusehen.<br \/>\nDer Vorstand<\/li>\n<\/ul>\n","protected":false},"excerpt":{"rendered":"<p>Unsere Trainingszeiten: Montag 18:00 Uhr &#8211; 19:30 Freitag&nbsp; 17:00 Uhr &#8211; 18:30 Probetraining nach Absprache m\u00f6glich. Adresse: Turnhalle, Biegstra\u00dfe 3 47623 Kevelaer &nbsp; Aktuelle Termine: Sommerfest 2021 Hallo an alle Mitglieder unser diesj\u00e4hriges Sommerfest m\u00f6chten wir nicht ausfallen lassen. Wir treffen uns am Samstag den 18.09.2021 um 13.45 Uhr mit Fahrr\u00e4dern an unserem Vereinslokal bei [&hellip;]<\/p>\n","protected":false},"author":2,"featured_media":0,"parent":0,"menu_order":3,"comment_status":"closed","ping_status":"closed","template":"","meta":{"ngg_post_thumbnail":0,"footnotes":""},"class_list":["post-62","page","type-page","status-publish","czr-hentry"],"_links":{"self":[{"href":"https:\/\/xn--faustkmpfer-kevelaer-gzb.de\/index.php?rest_route=\/wp\/v2\/pages\/62","targetHints":{"allow":["GET"]}}],"collection":[{"href":"https:\/\/xn--faustkmpfer-kevelaer-gzb.de\/index.php?rest_route=\/wp\/v2\/pages"}],"about":[{"href":"https:\/\/xn--faustkmpfer-kevelaer-gzb.de\/index.php?rest_route=\/wp\/v2\/types\/page"}],"author":[{"embeddable":true,"href":"https:\/\/xn--faustkmpfer-kevelaer-gzb.de\/index.php?rest_route=\/wp\/v2\/users\/2"}],"replies":[{"embeddable":true,"href":"https:\/\/xn--faustkmpfer-kevelaer-gzb.de\/index.php?rest_route=%2Fwp%2Fv2%2Fcomments&post=62"}],"version-history":[{"count":7,"href":"https:\/\/xn--faustkmpfer-kevelaer-gzb.de\/index.php?rest_route=\/wp\/v2\/pages\/62\/revisions"}],"predecessor-version":[{"id":620,"href":"https:\/\/xn--faustkmpfer-kevelaer-gzb.de\/index.php?rest_route=\/wp\/v2\/pages\/62\/revisions\/620"}],"wp:attachment":[{"href":"https:\/\/xn--faustkmpfer-kevelaer-gzb.de\/index.php?rest_route=%2Fwp%2Fv2%2Fmedia&parent=62"}],"curies":[{"name":"wp","href":"https:\/\/api.w.org\/{rel}","templated":true}]}}